{"id":572,"date":"2013-09-25T17:35:53","date_gmt":"2013-09-25T17:35:53","guid":{"rendered":"http:\/\/www.dilui.com.br\/?post_type=product&#038;p=572"},"modified":"2021-09-14T10:36:04","modified_gmt":"2021-09-14T10:36:04","slug":"selador-impermeabilizante-selamax-5l","status":"publish","type":"product","link":"https:\/\/www.dilui.com.br\/?product=selador-impermeabilizante-selamax-5l","title":{"rendered":"Selador Impermeabilizante Selamax &#8211; 5L"},"content":{"rendered":"<p>\u00c9 indicado como impermeabilizante acr\u00edlico de ard\u00f3sia, granilite, paviflex, piso de cimento, tijolos, pedras\u00a0naturais, cer\u00e2micas e telha.<\/p>\n<p>INSTRU\u00c7\u00d5ES DE USO<br \/>\nRemover a cera antiga com <a title=\"Removedor de Cera \u2013 Wax Remoflex 5L\" href=\"http:\/\/www.dilui.com.br\/?product=removedor-de-cera-wax-remoflex-5l\" target=\"_blank\" rel=\"noopener noreferrer\">Wax Remoflex<\/a>, secar bem o piso e com aux\u00edlio de um pano limpo ou\u00a0equipamento pr\u00f3prio, aplicar de 1 a 3 camadas em um \u00fanico sentido do Wax Selamax puro. Deixar secar\u00a0por 10 a 20 minutos cada camada aplicada. No final da aplica\u00e7\u00e3o deixar secar por 30 a 40 minutos e aplicar\u00a0a cera impermeabilizante, <a title=\"Cera Alto Brilho \u2013 Wax Ceraflex Gold 5L\" href=\"http:\/\/www.dilui.com.br\/?product=cera-alto-brilho-wax-ceraflex-gold\">Wax Ceraflex Gold<\/a>.<\/p>\n","protected":false},"excerpt":{"rendered":"<p>Wax Selamax n\u00e3o \u00e9 inflam\u00e1vel pois \u00e9 a base de \u00e1gua.<br \/>\nPossui resist\u00eancia ao tr\u00e1fego pesado, baixo\u00a0custo e alto rendimento; 40 a 50m2 por litro.<\/p>\n","protected":false},"featured_media":573,"comment_status":"closed","ping_status":"closed","template":"","meta":{"kt_blocks_editor_width":""},"_links":{"self":[{"href":"https:\/\/www.dilui.com.br\/index.php?rest_route=\/wp\/v2\/product\/572"}],"collection":[{"href":"https:\/\/www.dilui.com.br\/index.php?rest_route=\/wp\/v2\/product"}],"about":[{"href":"https:\/\/www.dilui.com.br\/index.php?rest_route=\/wp\/v2\/types\/product"}],"replies":[{"embeddable":true,"href":"https:\/\/www.dilui.com.br\/index.php?rest_route=%2Fwp%2Fv2%2Fcomments&post=572"}],"wp:featuredmedia":[{"embeddable":true,"href":"https:\/\/www.dilui.com.br\/index.php?rest_route=\/wp\/v2\/media\/573"}],"wp:attachment":[{"href":"https:\/\/www.dilui.com.br\/index.php?rest_route=%2Fwp%2Fv2%2Fmedia&parent=572"}],"curies":[{"name":"wp","href":"https:\/\/api.w.org\/{rel}","templated":true}]}}