{"id":501,"date":"2013-09-01T13:57:10","date_gmt":"2013-09-01T13:57:10","guid":{"rendered":"http:\/\/www.dilui.com.br\/?post_type=product&#038;p=501"},"modified":"2019-05-07T14:39:59","modified_gmt":"2019-05-07T14:39:59","slug":"alcool-em-gel-500ml-c-dosador","status":"publish","type":"product","link":"https:\/\/www.dilui.com.br\/?product=alcool-em-gel-500ml-c-dosador","title":{"rendered":"\u00c1lcool em Gel 500ml C\/ Dosador"},"content":{"rendered":"<p><strong>INSTRU\u00c7\u00d5ES DE USO<\/strong><br \/>\nAp\u00f3s lavar as m\u00e3os com sabonete anti s\u00e9ptico aplicar 2 a 3ml de Plus Brasept \u00c1lcool puro\u00a0nas m\u00e3os, massageando-as at\u00e9 secar.<br \/>\nUtilizar em per\u00edodos de uma a duas horas, sem lavar<br \/>\nas m\u00e3os, desde que estejam limpas. Se sair do local para qualquer finalidade, as m\u00e3os\u00a0devem ser lavadas com sabonete e aplicar novamente o Plus Brasept \u00c1lcool.<\/p>\n","protected":false},"excerpt":{"rendered":"<p>Gel alco\u00f3lico utilizado como anti s\u00e9ptico das m\u00e3os depois da limpeza, podendo ser usado\u00a0repetidas vezes com as m\u00e3os limpas, nos pontos de trabalho onde o funcion\u00e1rio n\u00e3o pode se\u00a0ausentar.<\/p>\n","protected":false},"featured_media":502,"comment_status":"closed","ping_status":"closed","template":"","meta":{"kt_blocks_editor_width":""},"_links":{"self":[{"href":"https:\/\/www.dilui.com.br\/index.php?rest_route=\/wp\/v2\/product\/501"}],"collection":[{"href":"https:\/\/www.dilui.com.br\/index.php?rest_route=\/wp\/v2\/product"}],"about":[{"href":"https:\/\/www.dilui.com.br\/index.php?rest_route=\/wp\/v2\/types\/product"}],"replies":[{"embeddable":true,"href":"https:\/\/www.dilui.com.br\/index.php?rest_route=%2Fwp%2Fv2%2Fcomments&post=501"}],"wp:featuredmedia":[{"embeddable":true,"href":"https:\/\/www.dilui.com.br\/index.php?rest_route=\/wp\/v2\/media\/502"}],"wp:attachment":[{"href":"https:\/\/www.dilui.com.br\/index.php?rest_route=%2Fwp%2Fv2%2Fmedia&parent=501"}],"curies":[{"name":"wp","href":"https:\/\/api.w.org\/{rel}","templated":true}]}}