{"id":487,"date":"2013-08-28T14:28:54","date_gmt":"2013-08-28T14:28:54","guid":{"rendered":"http:\/\/www.dilui.com.br\/?post_type=product&#038;p=487"},"modified":"2019-05-07T14:39:59","modified_gmt":"2019-05-07T14:39:59","slug":"multiuso-e-limpa-vidros-noble-5l","status":"publish","type":"product","link":"https:\/\/www.dilui.com.br\/?product=multiuso-e-limpa-vidros-noble-5l","title":{"rendered":"Multiuso e Limpa Vidros Noble 5L"},"content":{"rendered":"<p><span style=\"font-size: 16px;\">UTILIZA\u00c7\u00c3O<br \/>\n<\/span>Utilizar na limpeza di\u00e1ria de acr\u00edlico, azulejo, espelho, f\u00f3rmica, vidro, telefone e outras superf\u00edcies de pl\u00e1stico ou metal.<\/p>\n<p>INSTRU\u00c7\u00d5ES DE USO<br \/>\nDiluir 1 litro de produto para ate 5 litros de \u00e1gua (solu\u00e7\u00e3o a 20%). Aplicar manualmente com aux\u00edlio de um pulverizador e pano na superf\u00edcie. Se necess\u00e1rio reaplic\u00e1-lo at\u00e9 a completa limpeza das superf\u00edcies.<\/p>\n<p><strong>Rende at\u00e9 30 litros!<\/strong><\/p>\n","protected":false},"excerpt":{"rendered":"<p>Eficiente na limpeza de vidros e outras superf\u00edcies como acr\u00edlico, azulejo, espelho, f\u00f3rmica. \u00a0Sua f\u00f3rmula contem tensoativo com nanosilica que repelem a sujidade e facilita a pr\u00f3xima limpeza.<br \/>\nProduto isento de am\u00f4nia facilitando o uso manual.<br \/>\nFabricado com tensoativo biodegrad\u00e1vel.<\/p>\n","protected":false},"featured_media":491,"comment_status":"closed","ping_status":"closed","template":"","meta":{"kt_blocks_editor_width":""},"_links":{"self":[{"href":"https:\/\/www.dilui.com.br\/index.php?rest_route=\/wp\/v2\/product\/487"}],"collection":[{"href":"https:\/\/www.dilui.com.br\/index.php?rest_route=\/wp\/v2\/product"}],"about":[{"href":"https:\/\/www.dilui.com.br\/index.php?rest_route=\/wp\/v2\/types\/product"}],"replies":[{"embeddable":true,"href":"https:\/\/www.dilui.com.br\/index.php?rest_route=%2Fwp%2Fv2%2Fcomments&post=487"}],"wp:featuredmedia":[{"embeddable":true,"href":"https:\/\/www.dilui.com.br\/index.php?rest_route=\/wp\/v2\/media\/491"}],"wp:attachment":[{"href":"https:\/\/www.dilui.com.br\/index.php?rest_route=%2Fwp%2Fv2%2Fmedia&parent=487"}],"curies":[{"name":"wp","href":"https:\/\/api.w.org\/{rel}","templated":true}]}}