{"id":387,"date":"2013-08-12T19:49:55","date_gmt":"2013-08-12T19:49:55","guid":{"rendered":"http:\/\/www.dilui.com.br\/?post_type=product&#038;p=387"},"modified":"2019-05-07T14:51:10","modified_gmt":"2019-05-07T14:51:10","slug":"removedor-vasos-sanitarios","status":"publish","type":"product","link":"https:\/\/www.dilui.com.br\/?product=removedor-vasos-sanitarios","title":{"rendered":"Removedor &#8211; Vasos Sanit\u00e1rios"},"content":{"rendered":"<p><span style=\"font-size: 16px;\">UTILIZA\u00c7\u00c3O<\/span><\/p>\n<p>\u00c9 um limpador de sanit\u00e1rios e vidro que remove manchas proveniente de sais como c\u00e1lcio,\u00a0magn\u00e9sio e ferro.<\/p>\n<p>OBS.: Nunca deve ser utilizado com esponja de a\u00e7o ou qualquer instrumento met\u00e1lico. Evite contato prolongado com piso cer\u00e2mico.<\/p>\n","protected":false},"excerpt":{"rendered":"<p><span style=\"font-size: 16px;\">Eficiente na remo\u00e7\u00e3o de res\u00edduos de sais de c\u00e1lcio e magn\u00e9sio. N\u00e3o possui \u00e1cido fluor\u00eddrico,\u00a0portanto pode ser utilizado em superf\u00edcies como lou\u00e7as sanit\u00e1rias e vidro.<\/span><\/p>\n","protected":false},"featured_media":251,"comment_status":"closed","ping_status":"closed","template":"","meta":{"kt_blocks_editor_width":""},"_links":{"self":[{"href":"https:\/\/www.dilui.com.br\/index.php?rest_route=\/wp\/v2\/product\/387"}],"collection":[{"href":"https:\/\/www.dilui.com.br\/index.php?rest_route=\/wp\/v2\/product"}],"about":[{"href":"https:\/\/www.dilui.com.br\/index.php?rest_route=\/wp\/v2\/types\/product"}],"replies":[{"embeddable":true,"href":"https:\/\/www.dilui.com.br\/index.php?rest_route=%2Fwp%2Fv2%2Fcomments&post=387"}],"wp:featuredmedia":[{"embeddable":true,"href":"https:\/\/www.dilui.com.br\/index.php?rest_route=\/wp\/v2\/media\/251"}],"wp:attachment":[{"href":"https:\/\/www.dilui.com.br\/index.php?rest_route=%2Fwp%2Fv2%2Fmedia&parent=387"}],"curies":[{"name":"wp","href":"https:\/\/api.w.org\/{rel}","templated":true}]}}