{"id":383,"date":"2013-08-12T19:19:00","date_gmt":"2013-08-12T19:19:00","guid":{"rendered":"http:\/\/www.dilui.com.br\/?post_type=product&#038;p=383"},"modified":"2019-05-07T14:51:40","modified_gmt":"2019-05-07T14:51:40","slug":"detergente-clorado-master-foam-clor","status":"publish","type":"product","link":"https:\/\/www.dilui.com.br\/?product=detergente-clorado-master-foam-clor","title":{"rendered":"Detergente Clorado &#8211; Master Foam Clor"},"content":{"rendered":"<p><span style=\"font-size: 16px;\">UTILIZA\u00c7\u00c3O<\/span><\/p>\n<p>O MASTER FOAM CLOR foi desenvolvido para limpeza manual e pelo processo de gera\u00e7\u00e3o de espumas de equipamentos, podendo ser usado para limpeza de tanques, tubula\u00e7\u00f5es (limpeza externa), paredes, pisos etc., em Frigor\u00edficos, Latic\u00ednios, Ind\u00fastrias de Pescado, Usinas de A\u00e7\u00facar e Ind\u00fastrias Aliment\u00edcias em geral.<\/p>\n<p><strong>Produto Concentrado: Rende at\u00e9 200 litros<\/strong><\/p>\n","protected":false},"excerpt":{"rendered":"<p><span style=\"font-size: 16px;\">A associa\u00e7\u00e3o do cloro com agentes alcalinos proporciona maior efici\u00eancia na remo\u00e7\u00e3o de res\u00edduos prot\u00e9icos, melhor alvejamento das superf\u00edcies tratadas, contribuindo para a remo\u00e7\u00e3o de manchas ocasionadas por res\u00edduos e pigmentos de alimentos, evitando a contamina\u00e7\u00e3o por bact\u00e9rias, bolores e leveduras.<\/span><br \/>\nN\u00e3o causa corros\u00e3o em superf\u00edcies de pl\u00e1stico, alum\u00ednio, cobre e metais galvanizados.<br \/>\nSua f\u00f3rmula possui tensoativo formador de espuma que adere nas superf\u00edcies por um per\u00edodo de tempo maior, aumentando a efici\u00eancia da limpeza. Produto fabricado com tensoativo biodegrad\u00e1vel.<\/p>\n","protected":false},"featured_media":247,"comment_status":"closed","ping_status":"closed","template":"","meta":{"kt_blocks_editor_width":""},"_links":{"self":[{"href":"https:\/\/www.dilui.com.br\/index.php?rest_route=\/wp\/v2\/product\/383"}],"collection":[{"href":"https:\/\/www.dilui.com.br\/index.php?rest_route=\/wp\/v2\/product"}],"about":[{"href":"https:\/\/www.dilui.com.br\/index.php?rest_route=\/wp\/v2\/types\/product"}],"replies":[{"embeddable":true,"href":"https:\/\/www.dilui.com.br\/index.php?rest_route=%2Fwp%2Fv2%2Fcomments&post=383"}],"wp:featuredmedia":[{"embeddable":true,"href":"https:\/\/www.dilui.com.br\/index.php?rest_route=\/wp\/v2\/media\/247"}],"wp:attachment":[{"href":"https:\/\/www.dilui.com.br\/index.php?rest_route=%2Fwp%2Fv2%2Fmedia&parent=383"}],"curies":[{"name":"wp","href":"https:\/\/api.w.org\/{rel}","templated":true}]}}