{"id":382,"date":"2013-08-12T19:12:25","date_gmt":"2013-08-12T19:12:25","guid":{"rendered":"http:\/\/www.dilui.com.br\/?post_type=product&#038;p=382"},"modified":"2019-05-07T14:51:47","modified_gmt":"2019-05-07T14:51:47","slug":"limpa-forno-clean-detergin-gr","status":"publish","type":"product","link":"https:\/\/www.dilui.com.br\/?product=limpa-forno-clean-detergin-gr","title":{"rendered":"Limpa Forno &#8211; Clean Detergin GR"},"content":{"rendered":"<p>PROPRIEDADES<br \/>\nClean Detergin Gr foi especialmente formulado para remo\u00e7\u00e3o de gordura carbonizada em\u00a0superf\u00edcie de fornos, chapas, coifas e fritadeiras. Pode ser aplicado atrav\u00e9s de pulverizador no forno pr\u00e9 aquecido. Previne a forma\u00e7\u00e3o de borra de gordura carbonizado com o uso frequente.<\/p>\n<p>Produto formulado com tensoativo biodegrad\u00e1vel.<\/p>\n","protected":false},"excerpt":{"rendered":"<p><span style=\"font-size: 16px;\">Indicado para a limpeza de grelhas, fornos, chapas de frituras, frigideiras e superf\u00edcies em geral onde existam res\u00edduos de gordura carbonizada.<\/span><br \/>\n<strong>N\u00e3o utilizar em Alum\u00ednio e Lat\u00e3o.<\/strong><\/p>\n","protected":false},"featured_media":246,"comment_status":"closed","ping_status":"closed","template":"","meta":{"kt_blocks_editor_width":""},"_links":{"self":[{"href":"https:\/\/www.dilui.com.br\/index.php?rest_route=\/wp\/v2\/product\/382"}],"collection":[{"href":"https:\/\/www.dilui.com.br\/index.php?rest_route=\/wp\/v2\/product"}],"about":[{"href":"https:\/\/www.dilui.com.br\/index.php?rest_route=\/wp\/v2\/types\/product"}],"replies":[{"embeddable":true,"href":"https:\/\/www.dilui.com.br\/index.php?rest_route=%2Fwp%2Fv2%2Fcomments&post=382"}],"wp:featuredmedia":[{"embeddable":true,"href":"https:\/\/www.dilui.com.br\/index.php?rest_route=\/wp\/v2\/media\/246"}],"wp:attachment":[{"href":"https:\/\/www.dilui.com.br\/index.php?rest_route=%2Fwp%2Fv2%2Fmedia&parent=382"}],"curies":[{"name":"wp","href":"https:\/\/api.w.org\/{rel}","templated":true}]}}