{"id":354,"date":"2013-08-12T14:24:09","date_gmt":"2013-08-12T14:24:09","guid":{"rendered":"http:\/\/www.dilui.com.br\/?post_type=product&#038;p=354"},"modified":"2019-05-07T14:55:59","modified_gmt":"2019-05-07T14:55:59","slug":"rodo-c-perfil-de-borracha-dupla","status":"publish","type":"product","link":"https:\/\/www.dilui.com.br\/?product=rodo-c-perfil-de-borracha-dupla","title":{"rendered":"Rodo c\/ Perfil de Borracha Dupla"},"content":{"rendered":"<p>Dimens\u00f5es: 51,8 x 3,5 x 9,5 cm<br \/>\n<span style=\"font-size: 16px;\">&#8211; Presilhas para fixar pano<\/span><\/p>\n","protected":false},"excerpt":{"rendered":"<p>Rodo com perfil de borracha dupla, puxa mais \u00e1gua, alcan\u00e7a grandes espa\u00e7os sem danificar m\u00f3veis e paredes.<\/p>\n","protected":false},"featured_media":210,"comment_status":"closed","ping_status":"closed","template":"","meta":{"kt_blocks_editor_width":""},"_links":{"self":[{"href":"https:\/\/www.dilui.com.br\/index.php?rest_route=\/wp\/v2\/product\/354"}],"collection":[{"href":"https:\/\/www.dilui.com.br\/index.php?rest_route=\/wp\/v2\/product"}],"about":[{"href":"https:\/\/www.dilui.com.br\/index.php?rest_route=\/wp\/v2\/types\/product"}],"replies":[{"embeddable":true,"href":"https:\/\/www.dilui.com.br\/index.php?rest_route=%2Fwp%2Fv2%2Fcomments&post=354"}],"wp:featuredmedia":[{"embeddable":true,"href":"https:\/\/www.dilui.com.br\/index.php?rest_route=\/wp\/v2\/media\/210"}],"wp:attachment":[{"href":"https:\/\/www.dilui.com.br\/index.php?rest_route=%2Fwp%2Fv2%2Fmedia&parent=354"}],"curies":[{"name":"wp","href":"https:\/\/api.w.org\/{rel}","templated":true}]}}