{"id":349,"date":"2013-08-12T14:09:36","date_gmt":"2013-08-12T14:09:36","guid":{"rendered":"http:\/\/www.dilui.com.br\/?post_type=product&#038;p=349"},"modified":"2019-05-07T14:57:10","modified_gmt":"2019-05-07T14:57:10","slug":"espanador-longo-microfibra","status":"publish","type":"product","link":"https:\/\/www.dilui.com.br\/?product=espanador-longo-microfibra","title":{"rendered":"Espanador Longo Microfibra"},"content":{"rendered":"<p>Dimens\u00f5es: 58 x 6,5 x 2 cm<\/p>\n","protected":false},"excerpt":{"rendered":"<p>Com haste flex\u00edvel que pode ser dobrada em v\u00e1rios formatos, limpa e d\u00e1 brilho (o p\u00f3 fica retido em suas microfibras), alcan\u00e7a lugares de dif\u00edcil acesso como estantes altas e ventiladores de teto.<\/p>\n","protected":false},"featured_media":204,"comment_status":"closed","ping_status":"closed","template":"","meta":{"kt_blocks_editor_width":""},"_links":{"self":[{"href":"https:\/\/www.dilui.com.br\/index.php?rest_route=\/wp\/v2\/product\/349"}],"collection":[{"href":"https:\/\/www.dilui.com.br\/index.php?rest_route=\/wp\/v2\/product"}],"about":[{"href":"https:\/\/www.dilui.com.br\/index.php?rest_route=\/wp\/v2\/types\/product"}],"replies":[{"embeddable":true,"href":"https:\/\/www.dilui.com.br\/index.php?rest_route=%2Fwp%2Fv2%2Fcomments&post=349"}],"wp:featuredmedia":[{"embeddable":true,"href":"https:\/\/www.dilui.com.br\/index.php?rest_route=\/wp\/v2\/media\/204"}],"wp:attachment":[{"href":"https:\/\/www.dilui.com.br\/index.php?rest_route=%2Fwp%2Fv2%2Fmedia&parent=349"}],"curies":[{"name":"wp","href":"https:\/\/api.w.org\/{rel}","templated":true}]}}

<p>Dimensões: 58 x 6,5 x 2 cm</p>

<p>Com haste flexível que pode ser dobrada em vários formatos, limpa e dá brilho (o pó fica retido em suas microfibras), alcança lugares de difícil acesso como estantes altas e ventiladores de teto.</p>
