{"id":293,"date":"2013-08-09T13:38:09","date_gmt":"2013-08-09T13:38:09","guid":{"rendered":"http:\/\/www.dilui.com.br\/?post_type=product&#038;p=293"},"modified":"2019-05-07T15:12:48","modified_gmt":"2019-05-07T15:12:48","slug":"papel-interfolhas-fardo-05unids","status":"publish","type":"product","link":"https:\/\/www.dilui.com.br\/?product=papel-interfolhas-fardo-05unids","title":{"rendered":"Papel Interfolhas Fardo 05UNIDS"},"content":{"rendered":"<p>Toalha de papel 100% celulose virgem.<\/p>\n<p><span style=\"font-size: 16px;\">Al\u00e9m disso, \u00e9 um papel que oferece economia, pois com apenas 2 folhas\u00a0<\/span><span style=\"font-size: 16px;\">\u00e9 poss\u00edvel secar completamente as m\u00e3os.<\/span><\/p>\n","protected":false},"excerpt":{"rendered":"<p>Papel de excelente qualidade devido a sua alta capacidade de absor\u00e7\u00e3o.<br \/>\n\u00c9 um papel toalha interfolhas macio, de alta performance e apar\u00eancia elegante.<br \/>\nPodendo ser utilizado em diversos ambientes diferentes,satisfazendo at\u00e9 p\u00fablicos mais exigentes.<\/p>\n","protected":false},"featured_media":156,"comment_status":"closed","ping_status":"closed","template":"","meta":{"kt_blocks_editor_width":""},"_links":{"self":[{"href":"https:\/\/www.dilui.com.br\/index.php?rest_route=\/wp\/v2\/product\/293"}],"collection":[{"href":"https:\/\/www.dilui.com.br\/index.php?rest_route=\/wp\/v2\/product"}],"about":[{"href":"https:\/\/www.dilui.com.br\/index.php?rest_route=\/wp\/v2\/types\/product"}],"replies":[{"embeddable":true,"href":"https:\/\/www.dilui.com.br\/index.php?rest_route=%2Fwp%2Fv2%2Fcomments&post=293"}],"wp:featuredmedia":[{"embeddable":true,"href":"https:\/\/www.dilui.com.br\/index.php?rest_route=\/wp\/v2\/media\/156"}],"wp:attachment":[{"href":"https:\/\/www.dilui.com.br\/index.php?rest_route=%2Fwp%2Fv2%2Fmedia&parent=293"}],"curies":[{"name":"wp","href":"https:\/\/api.w.org\/{rel}","templated":true}]}}