{"id":275,"date":"2013-08-09T04:30:50","date_gmt":"2013-08-09T04:30:50","guid":{"rendered":"http:\/\/www.dilui.com.br\/?post_type=product&#038;p=275"},"modified":"2019-05-07T15:14:12","modified_gmt":"2019-05-07T15:14:12","slug":"copo-descartavel-50ml-5000unids","status":"publish","type":"product","link":"https:\/\/www.dilui.com.br\/?product=copo-descartavel-50ml-5000unids","title":{"rendered":"Copo Descart\u00e1vel 50ML"},"content":{"rendered":"<p>COPO DESCART\u00c1VEL CAF\u00c9<br \/>\nABNT &#8211; COM 5000 UNDS O PACOTE<br \/>\n<strong>5000 x 50ml<\/strong><\/p>\n","protected":false},"excerpt":{"rendered":"<p>COPO DESCART\u00c1VEL CAF\u00c9 ABNT &#8211; COM 5000 UNDS O PACOTE 5000 x 50ml<\/p>\n","protected":false},"featured_media":144,"comment_status":"closed","ping_status":"closed","template":"","meta":{"kt_blocks_editor_width":""},"_links":{"self":[{"href":"https:\/\/www.dilui.com.br\/index.php?rest_route=\/wp\/v2\/product\/275"}],"collection":[{"href":"https:\/\/www.dilui.com.br\/index.php?rest_route=\/wp\/v2\/product"}],"about":[{"href":"https:\/\/www.dilui.com.br\/index.php?rest_route=\/wp\/v2\/types\/product"}],"replies":[{"embeddable":true,"href":"https:\/\/www.dilui.com.br\/index.php?rest_route=%2Fwp%2Fv2%2Fcomments&post=275"}],"wp:featuredmedia":[{"embeddable":true,"href":"https:\/\/www.dilui.com.br\/index.php?rest_route=\/wp\/v2\/media\/144"}],"wp:attachment":[{"href":"https:\/\/www.dilui.com.br\/index.php?rest_route=%2Fwp%2Fv2%2Fmedia&parent=275"}],"curies":[{"name":"wp","href":"https:\/\/api.w.org\/{rel}","templated":true}]}}